{"id":23,"date":"2022-07-13T20:49:50","date_gmt":"2022-07-13T20:49:50","guid":{"rendered":"http:\/\/www.uodi.stronazen.pl\/?page_id=23"},"modified":"2022-07-13T20:49:50","modified_gmt":"2022-07-13T20:49:50","slug":"metodyka-badan-i-analiz","status":"publish","type":"page","link":"https:\/\/www.uodi.stronazen.pl\/index.php\/metodyka-badan-i-analiz\/","title":{"rendered":"Metodyka bada\u0144 i analiz"},"content":{"rendered":"\n<p>Monitoring b\u0119dzie oparty na triangulacji metod i technik badawczych i obejmie:<\/p>\n\n\n\n<ol><li>Analiz\u0119 dokument\u00f3w programowania polityk deinstytucjonalizacji na szczeblu krajowym i Unii Europejskiej,<\/li><li>Zestandaryzowane cykliczne badanie wdra\u017cania nowego podej\u015bcia w siedmiu obszarach (analiza danych gromadzonych w ramach sprawozdawczo\u015bci aktor\u00f3w dzia\u0142a\u0144 publicznych i statystyki publicznej),<\/li><li>Badania w\u0142asne (gromadzenie i analiza danych wywo\u0142anych),<\/li><li>Badania podstawowe (rozwini\u0119cie koncepcji teoretycznej kapita\u0142u solidarno\u015bci jako zasobu niezb\u0119dnego dla deinstytucjonalizacji).<\/li><\/ol>\n\n\n\n<p>Uniwersyteckie Obserwatorium Deinstytucjonalizacji Praktyk Pomocowych wykorzysta formu\u0142\u0119 Laboratorium Spo\u0142ecznego u\u0142atwiaj\u0105c\u0105 \u0142\u0105czenie wiedzy naukowej z praktyk\u0105 spo\u0142eczn\u0105 przez integrowane bada\u0144 podstawowych, stosowanych i rozwojowych. Mamy tu du\u017ce do\u015bwiadczenie zgromadzone w ramach Laboratorium Innowacji Spo\u0142ecznej funkcjonuj\u0105cego na WSNSiR UW oraz Civil City Lab funkcjonuj\u0105cego w ISS UW. Nasze podej\u015bcie charakteryzuje systemowo\u015b\u0107: zamierzamy systematycznie monitorowa\u0107 procesy przemodelowania wybranych obszar\u00f3w rzeczywisto\u015bci spo\u0142ecznej oraz bada\u0107 deinstytucjonalizacj\u0119 przechodz\u0105 w now\u0105 re-instytucjonalizacj\u0119.<\/p>\n","protected":false},"excerpt":{"rendered":"<p>Monitoring b\u0119dzie oparty na triangulacji metod i technik badawczych i obejmie: Analiz\u0119 dokument\u00f3w programowania polityk deinstytucjonalizacji na szczeblu krajowym i Unii Europejskiej, Zestandaryzowane cykliczne badanie wdra\u017cania nowego podej\u015bcia w siedmiu obszarach (analiza danych gromadzonych w ramach sprawozdawczo\u015bci aktor\u00f3w dzia\u0142a\u0144 publicznych i statystyki publicznej), Badania w\u0142asne (gromadzenie i analiza danych wywo\u0142anych), Badania podstawowe (rozwini\u0119cie koncepcji teoretycznej &#8230; <a title=\"Metodyka bada\u0144 i analiz\" class=\"read-more\" href=\"https:\/\/www.uodi.stronazen.pl\/index.php\/metodyka-badan-i-analiz\/\" aria-label=\"More on Metodyka bada\u0144 i analiz\">Czytaj dalej<\/a><\/p>\n","protected":false},"author":1,"featured_media":0,"parent":0,"menu_order":0,"comment_status":"closed","ping_status":"closed","template":"","meta":[],"_links":{"self":[{"href":"https:\/\/www.uodi.stronazen.pl\/index.php\/wp-json\/wp\/v2\/pages\/23"}],"collection":[{"href":"https:\/\/www.uodi.stronazen.pl\/index.php\/wp-json\/wp\/v2\/pages"}],"about":[{"href":"https:\/\/www.uodi.stronazen.pl\/index.php\/wp-json\/wp\/v2\/types\/page"}],"author":[{"embeddable":true,"href":"https:\/\/www.uodi.stronazen.pl\/index.php\/wp-json\/wp\/v2\/users\/1"}],"replies":[{"embeddable":true,"href":"https:\/\/www.uodi.stronazen.pl\/index.php\/wp-json\/wp\/v2\/comments?post=23"}],"version-history":[{"count":1,"href":"https:\/\/www.uodi.stronazen.pl\/index.php\/wp-json\/wp\/v2\/pages\/23\/revisions"}],"predecessor-version":[{"id":24,"href":"https:\/\/www.uodi.stronazen.pl\/index.php\/wp-json\/wp\/v2\/pages\/23\/revisions\/24"}],"wp:attachment":[{"href":"https:\/\/www.uodi.stronazen.pl\/index.php\/wp-json\/wp\/v2\/media?parent=23"}],"curies":[{"name":"wp","href":"https:\/\/api.w.org\/{rel}","templated":true}]}}